{"id":4400,"date":"2021-10-12T15:51:09","date_gmt":"2021-10-12T15:51:09","guid":{"rendered":"http:\/\/dummy.xtemos.com\/woodmart2\/elementor\/?page_id=4400"},"modified":"2024-11-27T17:02:07","modified_gmt":"2024-11-27T16:02:07","slug":"chi-siamo","status":"publish","type":"page","link":"https:\/\/ssmlsandomenicoacademy.it\/news-eventi\/chi-siamo\/","title":{"rendered":"Chi Siamo"},"content":{"rendered":"\t\t<div data-elementor-type=\"wp-page\" data-elementor-id=\"4400\" class=\"elementor elementor-4400\" data-elementor-post-type=\"page\">\n\t\t\t\t<div class=\"wd-negative-gap elementor-element elementor-element-de219d7 e-flex e-con-boxed e-con e-parent\" data-id=\"de219d7\" data-element_type=\"container\">\n\t\t\t\t\t<div class=\"e-con-inner\">\n\t\t<div class=\"elementor-element elementor-element-9d4fc83 e-con-full e-flex e-con e-child\" data-id=\"9d4fc83\" data-element_type=\"container\">\n\t\t\t\t<div class=\"elementor-element elementor-element-19fbb4b elementor-widget elementor-widget-wd_image_or_svg\" data-id=\"19fbb4b\" data-element_type=\"widget\" data-widget_type=\"wd_image_or_svg.default\">\n\t\t\t\t<div class=\"elementor-widget-container\">\n\t\t\t\n\t\t<div class=\"wd-image text-left\">\n\t\t\t\t\t\t\t\t<img fetchpriority=\"high\" decoding=\"async\" width=\"540\" height=\"540\" src=\"https:\/\/ssmlsandomenicoacademy.it\/news-eventi\/wp-content\/uploads\/2024\/11\/contatti-ssml-1.png\" class=\"attachment-full size-full\" alt=\"\" srcset=\"https:\/\/ssmlsandomenicoacademy.it\/news-eventi\/wp-content\/uploads\/2024\/11\/contatti-ssml-1.png 540w, https:\/\/ssmlsandomenicoacademy.it\/news-eventi\/wp-content\/uploads\/2024\/11\/contatti-ssml-1-300x300.png 300w, https:\/\/ssmlsandomenicoacademy.it\/news-eventi\/wp-content\/uploads\/2024\/11\/contatti-ssml-1-150x150.png 150w\" sizes=\"(max-width: 540px) 100vw, 540px\" \/>\t\t\t\t\t<\/div>\n\n\t\t\t\t<\/div>\n\t\t\t\t<\/div>\n\t\t\t\t<\/div>\n\t\t<div class=\"elementor-element elementor-element-33022b6 e-con-full e-flex e-con e-child\" data-id=\"33022b6\" data-element_type=\"container\">\n\t\t\t\t<div class=\"elementor-element elementor-element-6880708 elementor-widget__width-initial wd-width-100 elementor-widget elementor-widget-wd_title\" data-id=\"6880708\" data-element_type=\"widget\" data-widget_type=\"wd_title.default\">\n\t\t\t\t<div class=\"elementor-widget-container\">\n\t\t\t\t\t\t<link rel=\"stylesheet\" id=\"wd-section-title-css\" href=\"https:\/\/ssmlsandomenicoacademy.it\/news-eventi\/wp-content\/themes\/woodmart\/css\/parts\/el-section-title.min.css?ver=7.6.0\" type=\"text\/css\" media=\"all\" \/> \t\t\t\t\t\t<link rel=\"stylesheet\" id=\"wd-section-title-style-simple-and-brd-css\" href=\"https:\/\/ssmlsandomenicoacademy.it\/news-eventi\/wp-content\/themes\/woodmart\/css\/parts\/el-section-title-style-simple-and-brd.min.css?ver=7.6.0\" type=\"text\/css\" media=\"all\" \/> \t\t\t\t\t<div class=\"title-wrapper set-mb-s reset-last-child wd-title-color-primary wd-title-style-simple wd-title-size-large text-left\">\n\n\t\t\t\n\t\t\t<div class=\"liner-continer\">\n\t\t\t\t<h4 class=\"woodmart-title-container title wd-fontsize-xxl\"><\/h4> \n\t\t\t\t\t\t\t<\/div>\n\n\t\t\t\t\t\t\t<div class=\"title-after_title set-cont-mb-s reset-last-child wd-fontsize-s\">\n\t\t\t\t\t<h3>Mediatori Linguistici in Italia con 10 lingue attive<\/h3><p>La SSML San Domenico \u00e8 un istituto di grado universitario autorizzato dal Ministero dell\u2019Istruzione, Universit\u00e0 e Ricerca (MIUR) con Decreto Direttoriale del 24\/10\/2012 e pubblicato nella Gazzetta Ufficiale del 7 novembre 2012 n. 260. La Scuola Superiore per Mediatori Linguistici San Domenico nasce per rispondere alla sempre pi\u00f9 crescente domanda del mercato del lavoro di figure altamente specializzate nel settore linguistico, qualificandosi negli ultimi anni come punto di riferimento per la formazione accademica.<\/p><p>Il nostro obiettivo \u00e8 stato fin da subito la creazione di un istituto di grado universitario in cui competenze, attitudini e creativit\u00e0 degli studenti vengano incoraggiate e motivate. Per questo, qualit\u00e0 e ricerca del miglioramento continuo dei servizi sono da sempre al centro di tutte le nostre attivit\u00e0. La SSML San Domenico \u00e8 anche specializzazione, differenziazione e visione internazionale<\/p>\t\t\t\t<\/div>\n\t\t\t\t\t<\/div>\n\t\t\t\t<\/div>\n\t\t\t\t<\/div>\n\t\t\t\t<\/div>\n\t\t\t\t\t<\/div>\n\t\t\t\t<\/div>\n\t\t<div class=\"wd-negative-gap elementor-element elementor-element-5bbbba4 e-flex e-con-boxed e-con e-parent\" data-id=\"5bbbba4\" data-element_type=\"container\">\n\t\t\t\t\t<div class=\"e-con-inner\">\n\t\t\t\t<div class=\"elementor-element elementor-element-d484dfa color-scheme-inherit text-left elementor-widget elementor-widget-text-editor\" data-id=\"d484dfa\" data-element_type=\"widget\" data-widget_type=\"text-editor.default\">\n\t\t\t\t<div class=\"elementor-widget-container\">\n\t\t\t\t\t\t\t<div><h3><strong>La nostra vision e mission<\/strong><\/h3><h3><span style=\"color: #333333; font-size: 16px;\">Ogni giorno investiamo nello sviluppo tecnico, nella ricerca, nella formazione e nelle collaborazioni sul territorio per offrire una didattica realmente professionalizzante e al passo con le esigenze sempre pi\u00f9 specialistiche richieste dal mondo del lavoro.<\/span><\/h3><\/div><p>La principale caratteristica dei nostri\u00a0<a class=\"autolink\" title=\"Corsi\" href=\"https:\/\/ssmlsandomenicoacademy.it\/mod\/page\/view.php?id=86\">corsi<\/a>\u00a0\u00e8 la grande attenzione alle competenze teorico &#8211; pratiche per creare i futuri professionisti del settore linguistico. La nostra struttura \u00e8 stata concepita per offrire una preparazione all&#8217;avanguardia, che si avvale di docenti madrelingua e dell\u2019utilizzo di laboratori linguistici e cabine professionali per l\u2019interpretariato.<\/p><p>Grazie a classi poco numerose, siamo in grado di modellare i percorsi di studio sulle reali esigenze di ogni studente, sui loro bisogni, le loro attitudini e le specifiche potenzialit\u00e0.<br \/>I nostri studenti sono il nostro patrimonio: li incoraggiamo fin dal primo giorno a coltivare le loro passioni e a vivere percorsi di apprendimento multidisciplinari in un contesto internazionale.<\/p><p>Il nostro Istituto non si configura solamente come un luogo di formazione, ma anche come uno spazio speciale in cui una viva ed energica squadra di professionisti, docenti, ricercatori e studenti lavorano sinergicamente per essere gli unici, i migliori. Be unique, be the best alla SSML San Domenico!<\/p><h3>Mission<\/h3><p>La\u00a0<b>SSML San Domenico<\/b>\u00a0nasce cresce e si distingue per i valori che da sempre sono al centro del suo progetto formativo:<\/p><p><b>Ricerca<\/b>. Tutti i nostri percorsi formativi nascono per rispondere alle reali esigenze del mondo del lavoro. Questo \u00e8 possibile attraverso percorsi formativi professionalizzanti tenuti da docenti esperti e stage presso importanti aziende del settore.<\/p><p><b>Qualit\u00e0<\/b>. La qualit\u00e0 della formazione \u00e8 garantita dalla presenza di docenti fortemente motivati, che svolgono il proprio lavoro con passione e professionalit\u00e0 per far raggiungere ai nostri studenti una preparazione d\u2019eccellenza.<\/p><p><b>Internazionalizzazione<\/b>. Incentiviamo i nostri studenti a relazionarsi con differenti background culturali che stimolino la condivisione, la curiosit\u00e0, la crescita umana e professionale.<\/p>\t\t\t\t\t\t<\/div>\n\t\t\t\t<\/div>\n\t\t\t\t\t<\/div>\n\t\t\t\t<\/div>\n\t\t<div class=\"wd-negative-gap elementor-element elementor-element-9a0da83 e-flex e-con-boxed e-con e-parent\" data-id=\"9a0da83\" data-element_type=\"container\">\n\t\t\t\t\t<div class=\"e-con-inner\">\n\t\t<div class=\"elementor-element elementor-element-74d1e06 e-con-full e-flex e-con e-child\" data-id=\"74d1e06\" data-element_type=\"container\">\n\t\t\t\t<div class=\"elementor-element elementor-element-f951162 elementor-widget elementor-widget-wd_image_or_svg\" data-id=\"f951162\" data-element_type=\"widget\" data-widget_type=\"wd_image_or_svg.default\">\n\t\t\t\t<div class=\"elementor-widget-container\">\n\t\t\t\n\t\t<div class=\"wd-image text-left\">\n\t\t\t\t\t\t\t\t<img decoding=\"async\" width=\"540\" height=\"540\" src=\"https:\/\/ssmlsandomenicoacademy.it\/news-eventi\/wp-content\/uploads\/2024\/11\/modulo-contatti-ssml-1.png\" class=\"attachment-full size-full\" alt=\"\" srcset=\"https:\/\/ssmlsandomenicoacademy.it\/news-eventi\/wp-content\/uploads\/2024\/11\/modulo-contatti-ssml-1.png 540w, https:\/\/ssmlsandomenicoacademy.it\/news-eventi\/wp-content\/uploads\/2024\/11\/modulo-contatti-ssml-1-300x300.png 300w, https:\/\/ssmlsandomenicoacademy.it\/news-eventi\/wp-content\/uploads\/2024\/11\/modulo-contatti-ssml-1-150x150.png 150w\" sizes=\"(max-width: 540px) 100vw, 540px\" \/>\t\t\t\t\t<\/div>\n\n\t\t\t\t<\/div>\n\t\t\t\t<\/div>\n\t\t\t\t<\/div>\n\t\t<div class=\"elementor-element elementor-element-2d8c2f4 e-con-full e-flex e-con e-child\" data-id=\"2d8c2f4\" data-element_type=\"container\">\n\t\t\t\t<div class=\"elementor-element elementor-element-86c5e2a elementor-widget__width-initial wd-width-100 elementor-widget elementor-widget-wd_title\" data-id=\"86c5e2a\" data-element_type=\"widget\" data-widget_type=\"wd_title.default\">\n\t\t\t\t<div class=\"elementor-widget-container\">\n\t\t\t\t\t<div class=\"title-wrapper set-mb-s reset-last-child wd-title-color-primary wd-title-style-simple wd-title-size-large text-left\">\n\n\t\t\t\n\t\t\t<div class=\"liner-continer\">\n\t\t\t\t<h4 class=\"woodmart-title-container title wd-fontsize-xxl\"><\/h4> \n\t\t\t\t\t\t\t<\/div>\n\n\t\t\t\t\t\t\t<div class=\"title-after_title set-cont-mb-s reset-last-child wd-fontsize-s\">\n\t\t\t\t\t<h3>Perch\u00e9 scegliere la SSML San Domenico<\/h3><p><strong>Docenti Madrelingua per garantire una preparazione d'eccellenza<\/strong><\/p><ul><li><b>Classi poco numerose<\/b>\u00a0per l\u2019applicazione di un metodo didattico interattivo per un miglior apprendimento delle lingue<\/li><li><b>Laboratori linguistici<\/b>\u00a0per un apprendimento linguistico di alta competenza<\/li><li><b>Percorso di studi professionalizzante<\/b>\u00a0per formare figure in diversi ambiti: interpreti, traduttori, mediatori linguistici, adattatori e professionisti delle lingue straniere<\/li><li><b><a class=\"autolink\" title=\"Contatti\" href=\"https:\/\/ssmlsandomenicoacademy.it\/mod\/page\/view.php?id=80\">Contatti<\/a>\u00a0con il mondo del lavoro\u00a0<\/b>per facilitare, attraverso stage e tirocini, l'ingresso nel mondo del lavoro<\/li><li><b>Seminari e Workshop<\/b>\u00a0per dare un valore aggiunto al percorso formativo<\/li><li><b>Borse di studio Erasmus\u00a0<\/b>per viaggiare e acquisire fondamentali esperienze lavorative e\/o di studio\u00a0<\/li><li><b>20 ore di precorsi gratuiti\u00a0<\/b>per entrare in contatto con le lingue straniere attivate<\/li><li><b>Cabine professionali\u00a0<\/b>per iniziare ad immedesimarsi nella professione<\/li><li><b>10 lingue attive\u00a0<\/b>per scegliere tra inglese, francese, spagnolo, tedesco, italiano, russo, arabo, cinese, giapponese e portoghese<\/li><\/ul>\t\t\t\t<\/div>\n\t\t\t\t\t<\/div>\n\t\t\t\t<\/div>\n\t\t\t\t<\/div>\n\t\t\t\t<\/div>\n\t\t\t\t\t<\/div>\n\t\t\t\t<\/div>\n\t\t\t\t<\/div>\n\t\t","protected":false},"excerpt":{"rendered":"<p>Mediatori Linguistici in Italia con 10 lingue attive La SSML San Domenico \u00e8 un istituto di grado universitario autorizzato dal<\/p>\n","protected":false},"author":1,"featured_media":0,"parent":0,"menu_order":0,"comment_status":"closed","ping_status":"closed","template":"","meta":{"footnotes":""},"class_list":["post-4400","page","type-page","status-publish","hentry"],"yoast_head":"<!-- This site is optimized with the Yoast SEO plugin v23.8 - https:\/\/yoast.com\/wordpress\/plugins\/seo\/ -->\n<title>Chi Siamo - SSML Academy News Eventi<\/title>\n<meta name=\"robots\" content=\"noindex, follow, max-snippet:-1, max-image-preview:large, max-video-preview:-1\" \/>\n<meta property=\"og:locale\" content=\"it_IT\" \/>\n<meta property=\"og:type\" content=\"article\" \/>\n<meta property=\"og:title\" content=\"Chi Siamo - SSML Academy News Eventi\" \/>\n<meta property=\"og:description\" content=\"Mediatori Linguistici in Italia con 10 lingue attive La SSML San Domenico \u00e8 un istituto di grado universitario autorizzato dal\" \/>\n<meta property=\"og:url\" content=\"https:\/\/ssmlsandomenicoacademy.it\/news-eventi\/chi-siamo\/\" \/>\n<meta property=\"og:site_name\" content=\"SSML Academy News Eventi\" \/>\n<meta property=\"article:modified_time\" content=\"2024-11-27T16:02:07+00:00\" \/>\n<meta property=\"og:image\" content=\"https:\/\/ssmlsandomenicoacademy.it\/news-eventi\/wp-content\/uploads\/2024\/11\/contatti-ssml-1.png\" \/>\n<meta name=\"twitter:card\" content=\"summary_large_image\" \/>\n<meta name=\"twitter:label1\" content=\"Tempo di lettura stimato\" \/>\n\t<meta name=\"twitter:data1\" content=\"5 minuti\" \/>\n<script type=\"application\/ld+json\" class=\"yoast-schema-graph\">{\"@context\":\"https:\/\/schema.org\",\"@graph\":[{\"@type\":\"WebPage\",\"@id\":\"https:\/\/ssmlsandomenicoacademy.it\/news-eventi\/chi-siamo\/\",\"url\":\"https:\/\/ssmlsandomenicoacademy.it\/news-eventi\/chi-siamo\/\",\"name\":\"Chi Siamo - SSML Academy News Eventi\",\"isPartOf\":{\"@id\":\"https:\/\/ssmlsandomenicoacademy.it\/news-eventi\/#website\"},\"primaryImageOfPage\":{\"@id\":\"https:\/\/ssmlsandomenicoacademy.it\/news-eventi\/chi-siamo\/#primaryimage\"},\"image\":{\"@id\":\"https:\/\/ssmlsandomenicoacademy.it\/news-eventi\/chi-siamo\/#primaryimage\"},\"thumbnailUrl\":\"https:\/\/ssmlsandomenicoacademy.it\/news-eventi\/wp-content\/uploads\/2024\/11\/contatti-ssml-1.png\",\"datePublished\":\"2021-10-12T15:51:09+00:00\",\"dateModified\":\"2024-11-27T16:02:07+00:00\",\"breadcrumb\":{\"@id\":\"https:\/\/ssmlsandomenicoacademy.it\/news-eventi\/chi-siamo\/#breadcrumb\"},\"inLanguage\":\"it-IT\",\"potentialAction\":[{\"@type\":\"ReadAction\",\"target\":[\"https:\/\/ssmlsandomenicoacademy.it\/news-eventi\/chi-siamo\/\"]}]},{\"@type\":\"ImageObject\",\"inLanguage\":\"it-IT\",\"@id\":\"https:\/\/ssmlsandomenicoacademy.it\/news-eventi\/chi-siamo\/#primaryimage\",\"url\":\"https:\/\/ssmlsandomenicoacademy.it\/news-eventi\/wp-content\/uploads\/2024\/11\/contatti-ssml-1.png\",\"contentUrl\":\"https:\/\/ssmlsandomenicoacademy.it\/news-eventi\/wp-content\/uploads\/2024\/11\/contatti-ssml-1.png\",\"width\":540,\"height\":540},{\"@type\":\"BreadcrumbList\",\"@id\":\"https:\/\/ssmlsandomenicoacademy.it\/news-eventi\/chi-siamo\/#breadcrumb\",\"itemListElement\":[{\"@type\":\"ListItem\",\"position\":1,\"name\":\"Home\",\"item\":\"https:\/\/ssmlsandomenicoacademy.it\/news-eventi\/\"},{\"@type\":\"ListItem\",\"position\":2,\"name\":\"Chi Siamo\"}]},{\"@type\":\"WebSite\",\"@id\":\"https:\/\/ssmlsandomenicoacademy.it\/news-eventi\/#website\",\"url\":\"https:\/\/ssmlsandomenicoacademy.it\/news-eventi\/\",\"name\":\"SSML Academy News Eventi\",\"description\":\"\",\"potentialAction\":[{\"@type\":\"SearchAction\",\"target\":{\"@type\":\"EntryPoint\",\"urlTemplate\":\"https:\/\/ssmlsandomenicoacademy.it\/news-eventi\/?s={search_term_string}\"},\"query-input\":{\"@type\":\"PropertyValueSpecification\",\"valueRequired\":true,\"valueName\":\"search_term_string\"}}],\"inLanguage\":\"it-IT\"}]}<\/script>\n<!-- \/ Yoast SEO plugin. -->","yoast_head_json":{"title":"Chi Siamo - SSML Academy News Eventi","robots":{"index":"noindex","follow":"follow","max-snippet":"max-snippet:-1","max-image-preview":"max-image-preview:large","max-video-preview":"max-video-preview:-1"},"og_locale":"it_IT","og_type":"article","og_title":"Chi Siamo - SSML Academy News Eventi","og_description":"Mediatori Linguistici in Italia con 10 lingue attive La SSML San Domenico \u00e8 un istituto di grado universitario autorizzato dal","og_url":"https:\/\/ssmlsandomenicoacademy.it\/news-eventi\/chi-siamo\/","og_site_name":"SSML Academy News Eventi","article_modified_time":"2024-11-27T16:02:07+00:00","og_image":[{"url":"https:\/\/ssmlsandomenicoacademy.it\/news-eventi\/wp-content\/uploads\/2024\/11\/contatti-ssml-1.png"}],"twitter_card":"summary_large_image","twitter_misc":{"Tempo di lettura stimato":"5 minuti"},"schema":{"@context":"https:\/\/schema.org","@graph":[{"@type":"WebPage","@id":"https:\/\/ssmlsandomenicoacademy.it\/news-eventi\/chi-siamo\/","url":"https:\/\/ssmlsandomenicoacademy.it\/news-eventi\/chi-siamo\/","name":"Chi Siamo - SSML Academy News Eventi","isPartOf":{"@id":"https:\/\/ssmlsandomenicoacademy.it\/news-eventi\/#website"},"primaryImageOfPage":{"@id":"https:\/\/ssmlsandomenicoacademy.it\/news-eventi\/chi-siamo\/#primaryimage"},"image":{"@id":"https:\/\/ssmlsandomenicoacademy.it\/news-eventi\/chi-siamo\/#primaryimage"},"thumbnailUrl":"https:\/\/ssmlsandomenicoacademy.it\/news-eventi\/wp-content\/uploads\/2024\/11\/contatti-ssml-1.png","datePublished":"2021-10-12T15:51:09+00:00","dateModified":"2024-11-27T16:02:07+00:00","breadcrumb":{"@id":"https:\/\/ssmlsandomenicoacademy.it\/news-eventi\/chi-siamo\/#breadcrumb"},"inLanguage":"it-IT","potentialAction":[{"@type":"ReadAction","target":["https:\/\/ssmlsandomenicoacademy.it\/news-eventi\/chi-siamo\/"]}]},{"@type":"ImageObject","inLanguage":"it-IT","@id":"https:\/\/ssmlsandomenicoacademy.it\/news-eventi\/chi-siamo\/#primaryimage","url":"https:\/\/ssmlsandomenicoacademy.it\/news-eventi\/wp-content\/uploads\/2024\/11\/contatti-ssml-1.png","contentUrl":"https:\/\/ssmlsandomenicoacademy.it\/news-eventi\/wp-content\/uploads\/2024\/11\/contatti-ssml-1.png","width":540,"height":540},{"@type":"BreadcrumbList","@id":"https:\/\/ssmlsandomenicoacademy.it\/news-eventi\/chi-siamo\/#breadcrumb","itemListElement":[{"@type":"ListItem","position":1,"name":"Home","item":"https:\/\/ssmlsandomenicoacademy.it\/news-eventi\/"},{"@type":"ListItem","position":2,"name":"Chi Siamo"}]},{"@type":"WebSite","@id":"https:\/\/ssmlsandomenicoacademy.it\/news-eventi\/#website","url":"https:\/\/ssmlsandomenicoacademy.it\/news-eventi\/","name":"SSML Academy News Eventi","description":"","potentialAction":[{"@type":"SearchAction","target":{"@type":"EntryPoint","urlTemplate":"https:\/\/ssmlsandomenicoacademy.it\/news-eventi\/?s={search_term_string}"},"query-input":{"@type":"PropertyValueSpecification","valueRequired":true,"valueName":"search_term_string"}}],"inLanguage":"it-IT"}]}},"_links":{"self":[{"href":"https:\/\/ssmlsandomenicoacademy.it\/news-eventi\/wp-json\/wp\/v2\/pages\/4400","targetHints":{"allow":["GET"]}}],"collection":[{"href":"https:\/\/ssmlsandomenicoacademy.it\/news-eventi\/wp-json\/wp\/v2\/pages"}],"about":[{"href":"https:\/\/ssmlsandomenicoacademy.it\/news-eventi\/wp-json\/wp\/v2\/types\/page"}],"author":[{"embeddable":true,"href":"https:\/\/ssmlsandomenicoacademy.it\/news-eventi\/wp-json\/wp\/v2\/users\/1"}],"replies":[{"embeddable":true,"href":"https:\/\/ssmlsandomenicoacademy.it\/news-eventi\/wp-json\/wp\/v2\/comments?post=4400"}],"version-history":[{"count":16,"href":"https:\/\/ssmlsandomenicoacademy.it\/news-eventi\/wp-json\/wp\/v2\/pages\/4400\/revisions"}],"predecessor-version":[{"id":21266,"href":"https:\/\/ssmlsandomenicoacademy.it\/news-eventi\/wp-json\/wp\/v2\/pages\/4400\/revisions\/21266"}],"wp:attachment":[{"href":"https:\/\/ssmlsandomenicoacademy.it\/news-eventi\/wp-json\/wp\/v2\/media?parent=4400"}],"curies":[{"name":"wp","href":"https:\/\/api.w.org\/{rel}","templated":true}]}}